*p - 10. Let u be s(8). Let z be (-2)/4 + (-15)/(-2). What is the highest common divisor of z and u?
7
Suppose 18 + 12 = t + 2*x, -4*t + 109 = -3*x. Calculate the highest common factor of 7 and t.
7
Suppose 4*p + 2*r = 134, -3*p + 3*r + 46 = -50. What is the greatest common divisor of p and 3?
3
Suppose -5*v + 2*a = -110, 0*v - 5*a = 5*v - 75. Let u = -382 - -602. What is the greatest common factor of v and u?
20
Suppose 106 + 374 = 4*d. Suppose 5*h + 32 = 272. What is the highest common divisor of h and d?
24
Let y = 1 + -1. Suppose m + 26 - 7 = y. Let q = -7 - m. What is the highest common divisor of 84 and q?
12
Suppose -4*i - 2*j = -76, 106 = 5*i - 7*j + 4*j. What is the highest common factor of i and 20?
20
Suppose 0 = p - 2*w - 72, 0 = 2*p + 2*w - 0*w - 126. What is the highest common divisor of 22 and p?
22
Suppose 4*j = 49 + 59. Calculate the greatest common divisor of 135 and j.
27
Suppose -2*k = -11*k + 324. Calculate the greatest common factor of k and 18.
18
Let s = -79 - -219. What is the greatest common factor of 28 and s?
28
Suppose 58 = -2*f + 6*f + 2*y, -28 = -f + 4*y. Suppose -f = -v - 1. Calculate the highest common factor of v and 30.
15
Suppose -19 = -g + 5*f + 3, g - 3*f - 14 = 0. Suppose 0 = 5*i, 2 = z - 2*i - g. Suppose -z*k - k = -30. What is the greatest common divisor of 2 and k?
2
Let x be (10 - -1)*(-1 + 10). Let w = 55 + -46. Calculate the greatest common factor of x and w.
9
Let t = -6 - -16. Suppose y = -2*y + 42. Let k = y + 1. What is the highest common factor of t and k?
5
Suppose 4*l - 3 = -3*s + 3, -3*s + 6 = -3*l. Let w be (-152)/(-2*s/4). Calculate the highest common factor of 19 and w.
19
Let i = -5 - -11. Let d(o) = -2 + 0 - i*o - 4. Let f be d(-6). Calculate the greatest common factor of 15 and f.
15
Let m(p) be the second derivative of p**4/6 - p**3/2 - p**2 + 4*p. Let b be m(-3). What is the greatest common divisor of 200 and b?
25
Let g be 16 + 2*3/(-6). What is the highest common divisor of 5 and g?
5
Let h(b) = b**2 + 11*b + 11. Let c be h(-8). Let s = -4 - c. Let q be (12/s)/((-2)/(-3)). Calculate the highest common divisor of q and 10.
2
Let j be 34 + 1 + 2 + -3 + -3. Calculate the greatest common factor of j and 155.
31
Let g = 3 + 65. What is the highest common factor of 17 and g?
17
Let f be (5/3)/((-1)/(-3)). Let p be 2/(2 - 0) + 134. Suppose 2*t - f*t + p = 0. What is the greatest common factor of t and 9?
9
Let r(w) be the second derivative of w**4/4 + w**2 - 2*w. Let j be r(6). Calculate the highest common factor of j and 10.
10
Let g(r) = -2*r + 8*r + 2*r**2 + r**2. Let z be g(5). What is the greatest common divisor of z and 42?
21
Suppose 0 = v + 2*z - 24, -v + 4*v - 51 = z. Suppose 3*y = 8*y + 85. Let q = 29 + y. Calculate the greatest common factor of v and q.
6
Suppose 4*p - 106 = -2*s, -5*p + 0*s = 3*s - 131. Calculate the highest common factor of 70 and p.
14
Let l(p) = 3*p + 1. Let u be l(6). What is the greatest common divisor of u and 19?
19
Suppose -9*q + 115 = -20. What is the highest common factor of 15 and q?
15
Let j = -112 - -139. Let d = 10 - 7. What is the highest common factor of j and d?
3
Suppose 48 = 7*o - 4*o. Calculate the greatest common divisor of 24 and o.
8
Let u(r) = 2*r**2 - 5*r - 2. Let z be u(4). Let g be (-3)/(3/2) + 4. Calculate the greatest common factor of g and z.
2
Let y be -6*26*1/(-4). What is the highest common divisor of 429 and y?
39
Let x(j) = 2*j**3 - 2*j - 1. Let i be x(-1). Let d be (-3 + i)/((-1)/10). Suppose 8 = m - d. What is the highest common factor of m and 12?
12
Let g = -14 - 3. Let l = g + 28. Suppose -25 = -4*a + l. What is the highest common factor of a and 9?
9
Suppose 3*i + i - 8 = 0. Suppose -180 = -7*v + i*v. Let q(b) = 2*b - 8. Let u be q(16). Calculate the greatest common divisor of v and u.
12
Let q(f) = f**2 - 5*f - 2. Let n be q(9). Suppose 26 = 5*u - n. Suppose 4*b - 4*w - 111 = 45, 6 = -2*w. What is the greatest common divisor of u and b?
12
Suppose 4 = 2*u - 8. What is the greatest common factor of 15 and u?
3
Suppose -4*f = -5*j - 88, 5*j - f = -0*j - 82. Let c = 6 - j. What is the greatest common divisor of 33 and c?
11
Let s(n) = 4*n + 3. Let a be s(6). What is the greatest common divisor of a and 297?
27
Suppose -4*a - 139 = -1019. Calculate the highest common factor of a and 20.
20
Suppose 0*v = -2*s - 5*v + 33, 2*s + 3*v = 43. Calculate the highest common divisor of 145 and s.
29
Let g(f) = 13*f - 17. Let x be g(5). Calculate the highest common factor of x and 32.
16
Let t = -185 - -405. What is the greatest common divisor of 20 and t?
20
Let c = -2 - -1. Let a be 10 + (c - -2) - -1. Calculate the greatest common factor of 132 and a.
12
Let o be 230/3 + (-1)/(-3). Let y(l) = -4*l - 4. Let a be y(-3). Suppose a - 29 = -3*g. Calculate the greatest common factor of o and g.
7
Let o be ((-11)/2 - -4)*-2. Calculate the highest common divisor of o and 21.
3
Let c(g) = -15*g + 21. Let i be c(-4). What is the highest common factor of 9 and i?
9
Suppose -f + 78 = f. Suppose -3*o - 19 + 409 = 0. Suppose 2*w = 7*w - o. Calculate the highest common factor of f and w.
13
Suppose -2*i + 2*t = -106, 280 = 5*i + 4*t + 60. Calculate the highest common divisor of i and 64.
16
Let h = 3 + -9. Let y be h/4*(2 + -12). Calculate the greatest common divisor of 15 and y.
15
Let n(u) = -u**2 - 7*u - 1. Let r be n(-6). Suppose -r*o + 2*o + 54 = 0. Let s be 1/(-2) - (-73)/2. Calculate the greatest common factor of o and s.
18
Let d be (35/(-21))/(2/(-156)). Calculate the highest common divisor of d and 13.
13
Let l(j) = j + 11. Let m be l(0). Let q(x) = 45*x + 32. Let g be q(1). What is the highest common divisor of m and g?
11
Let l be 4/(-18) - 227/(-9). Let x = 46 - l. What is the highest common divisor of x and 42?
21
Let t be 900/14 - (-2)/(-7). Suppose -2*s - 13 = -4*s - d, 4*s - d - 35 = 0. Calculate the highest common divisor of t and s.
8
Let b(v) be the first derivative of -v**2/2 + 4*v + 3. Let x be b(-4). Suppose 3*z + 640 = x*z. Calculate the greatest common factor of z and 16.
16
Suppose -b + 1 = -5*c, 2*b + 2*c + 2*c = 16. What is the highest common factor of 30 and b?
6
Let n be ((-1304)/10)/(12/(-30)). Let x = n - 137. What is the highest common factor of 21 and x?
21
Suppose -3*m - 647 = -5*h, -2*h - m = -234 - 27. Calculate the greatest common divisor of h and 13.
13
Let i = 26 + -14. Let g(w) be the second derivative of w**3 + 3*w**2 - 2*w. Let q be g(5). What is the highest common factor of q and i?
12
Let x(n) = 2*n - 9. Let q be x(7). Let l be (-6)/(-4)*30/9. What is the highest common factor of l and q?
5
Suppose 0 = 3*m + 7 - 19. What is the greatest common divisor of 20 and m?
4
Let w be 1*2 + -5 + 1. Let s(h) = -30*h. Let p be s(w). What is the greatest common divisor of p and 24?
12
Let v(c) = -13*c - 4. Let d be v(-2). Calculate the highest common factor of d and 2.
2
Let t(h) = -h**2 - h. Let r(c) = -c**3 + 4*c**2. Let q(m) = r(m) - 2*t(m). Let k be q(4). What is the highest common divisor of k and 100?
20
Let l(o) = o**3 + 2*o**2 - 6*o + 9. Let h be l(3). Calculate the highest common factor of h and 60.
12
Suppose -14 = -2*o - 10. Calculate the greatest common divisor of o and 18.
2
Let l = -4 + 7. Suppose 30 = 3*c + l. Let j = c + -1. Calculate the highest common divisor of j and 4.
4
Suppose 2*d - 12 - 19 = 3*c, 0 = -3*d - 4*c + 72. What is the greatest common factor of 220 and d?
20
Let x be 4/8 - (-1)/(-2). Suppose -3*g + 20 = 4*d - g, x = 4*d + 3*g - 22. Calculate the greatest common divisor of d and 28.
4
Let a be ((-8)/10)/((-4)/(-30)). Let q = a - -28. Calculate the highest common divisor of 11 and q.
11
Suppose z = 3*z - 20. What is the greatest common divisor of z and 2?
2
Let k = -4 - -8. Let s(y) = y. Let c be s(4). What is the highest common divisor of c and k?
4
Suppose 4*v = -2*o + 2*v, -4*v = -o + 15. What is the highest common factor of o and 30?
3
Let n = -6 - -6. Suppose f - 4*f + 60 = n. Suppose -4*w + 9*w = f, 2*x - 144 = -w. What is the greatest common divisor of 28 and x?
14
Let g(o) = o**3 + 6*o**2 - 7*o + 7. Let c be g(-7). Calculate the highest common factor of c and 63.
7
Let i(z) = 12*z - 2. Let w be i(5). Let l = w + -16. Calculate the highest common divisor of 6 and l.
6
Let 